
What are the prime factors of 1188587?
1188587
What are the prime factors of 214887?
3, 83, 863
What are the prime factors of 3895861?
41, 95021
List the prime factors of 1062325.
5, 11, 3863
What are the prime factors of 10889649?
3, 23, 31, 1697
What are the prime factors of 106952?
2, 29, 461
What are the prime factors of 18534436?
2, 4633609
List the prime factors of 1525896.
2, 3, 21193
List the prime factors of 1350718.
2, 17, 39727
List the prime factors of 720933.
3, 47, 5113
What are the prime factors of 4144164?
2, 3, 367, 941
List the prime factors of 18331433.
18331433
What are the prime factors of 1222743?
3, 41, 9941
List the prime factors of 1337423.
317, 4219
List the prime factors of 353742.
2, 3, 19, 29, 107
List the prime factors of 104534.
2, 52267
List the prime factors of 2026007.
433, 4679
List the prime factors of 266674.
2, 133337
List the prime factors of 441526.
2, 257, 859
What are the prime factors of 1492922?
2, 823, 907
What are the prime factors of 4483739?
13, 43, 617
What are the prime factors of 6893770?
2, 5, 13, 19, 2791
List the prime factors of 495846.
2, 3, 13, 163
List the prime factors of 177910.
2, 5, 17791
What are the prime factors of 1335097?
73, 18289
List the prime factors of 888947.
17, 52291
What are the prime factors of 463046?
2, 17, 13619
List the prime factors of 3098851.
7, 47, 9419
What are the prime factors of 131254?
2, 29, 31, 73
List the prime factors of 1500840.
2, 3, 5, 11, 379
List the prime factors of 1893415.
5, 378683
List the prime factors of 13561.
71, 191
List the prime factors of 3603533.
31, 116243
What are the prime factors of 227318?
2, 7, 13, 1249
What are the prime factors of 7450200?
2, 3, 5, 4139
List the prime factors of 14275407.
3, 31, 153499
List the prime factors of 31958.
2, 19, 29
What are the prime factors of 24714343?
113, 218711
List the prime factors of 10463826.
2, 3, 1743971
What are the prime factors of 1653549?
3, 79, 6977
What are the prime factors of 3688204?
2, 13, 19, 3733
What are the prime factors of 73598?
2, 7, 751
List the prime factors of 353829.
3, 7, 29, 83
List the prime factors of 2866211.
2866211
List the prime factors of 192150.
2, 3, 5, 7, 61
List the prime factors of 2023977.
3, 23, 29333
What are the prime factors of 514517?
83, 6199
What are the prime factors of 10630507?
37, 47, 6113
List the prime factors of 385331.
385331
List the prime factors of 5190430.
2, 5, 7, 74149
List the prime factors of 375523.
375523
List the prime factors of 576670.
2, 5, 57667
List the prime factors of 2690230.
2, 5, 269023
What are the prime factors of 2060969?
1031, 1999
List the prime factors of 175460.
2, 5, 31, 283
List the prime factors of 2346711.
3, 163, 4799
List the prime factors of 10971770.
2, 5, 83, 13219
List the prime factors of 848909.
848909
List the prime factors of 152969.
19, 83, 97
What are the prime factors of 488322?
2, 3, 9043
What are the prime factors of 1219491?
3, 7, 13, 1489
What are the prime factors of 1572288?
2, 3, 19, 431
List the prime factors of 2076210.
2, 3, 5, 17, 23, 59
List the prime factors of 295950.
2, 3, 5, 1973
List the prime factors of 765206.
2, 13, 19, 1549
What are the prime factors of 123724?
2, 30931
List the prime factors of 3353689.
127, 26407
List the prime factors of 164712.
2, 3, 6863
What are the prime factors of 12166587?
3, 1351843
What are the prime factors of 4101016?
2, 109, 4703
List the prime factors of 1357128.
2, 3, 61, 103
List the prime factors of 1600363.
17, 23, 4093
List the prime factors of 212540.
2, 5, 10627
What are the prime factors of 976167?
3, 108463
What are the prime factors of 20549?
20549
List the prime factors of 30630344.
2, 1051, 3643
List the prime factors of 342504.
2, 3, 67, 71
List the prime factors of 42252061.
42252061
List the prime factors of 620837.
7, 31, 2861
List the prime factors of 18883990.
2, 5, 1888399
List the prime factors of 15507631.
15507631
List the prime factors of 1926823.
163, 11821
List the prime factors of 1631703.
3, 543901
List the prime factors of 1971439.
17, 89, 1303
List the prime factors of 417286.
2, 37, 5639
What are the prime factors of 5458829?
61, 109, 821
List the prime factors of 9316685.
5, 7, 29, 67, 137
What are the prime factors of 3998139?
3, 1332713
List the prime factors of 37372843.
37372843
What are the prime factors of 95593?
109, 877
What are the prime factors of 190030?
2, 5, 31, 613
What are the prime factors of 1275421?
7, 26029
What are the prime factors of 52949?
13, 4073
List the prime factors of 595924.
2, 7, 21283
What are the prime factors of 174589?
71, 2459
What are the prime factors of 268617?
3, 17, 23, 229
What are the prime factors of 13916166?
2, 3, 11, 17, 79, 157
List the prime factors of 1595960.
2, 5, 17, 2347
List the prime factors of 60500.
2, 5, 11
What are the prime factors of 1294925?
5, 51797
What are the prime factors of 113645?
5, 7, 17, 191
What are the prime factors of 6245808?
2, 3, 130121
What are the prime factors of 9459472?
2, 11, 71, 757
What are the prime factors of 29939009?
701, 42709
What are the prime factors of 63666?
2, 3, 131
List the prime factors of 369324.
2, 3, 10259
What are the prime factors of 128483?
128483
List the prime factors of 188443.
188443
What are the prime factors of 5258019?
3, 13, 29, 4649
List the prime factors of 382779.
3, 14177
List the prime factors of 99700.
2, 5, 997
What are the prime factors of 16264365?
3, 5, 13, 83407
What are the prime factors of 26157?
3, 8719
What are the prime factors of 2664944?
2, 193, 863
List the prime factors of 201862.
2, 100931
List the prime factors of 351495.
3, 5, 73, 107
List the prime factors of 14288455.
5, 229, 12479
List the prime factors of 4120620.
2, 3, 5, 7, 9811
What are the prime factors of 26359394?
2, 631, 20887
What are the prime factors of 1745205?
3, 5, 7, 11, 1511
What are the prime factors of 22831991?
7, 13, 73, 491
List the prime factors of 347306.
2, 211, 823
List the prime factors of 355504.
2, 17, 1307
List the prime factors of 875741.
875741
List the prime factors of 83153.
7, 1697
What are the prime factors of 203577?
3, 11, 31, 199
List the prime factors of 2933513.
11, 266683
List the prime factors of 542734.
2, 271367
List the prime factors of 809743.
11, 73613
What are the prime factors of 194008?
2, 24251
List the prime factors of 1787970.
2, 3, 5, 107, 557
What are the prime factors of 527713?
29, 31, 587
List the prime factors of 132496.
2, 7, 13
What are the prime factors of 3141420?
2, 3, 5, 41, 1277
List the prime factors of 225388.
2, 29, 67
List the prime factors of 16114742.
2, 7, 17, 67709
What are the prime factors of 7444909?
29, 256721
What are the prime factors of 1324639?
23, 57593
What are the prime factors of 6945146?
2, 13, 17, 19, 827
List the prime factors of 2273808.
2, 3, 127, 373
What are the prime factors of 435903?
3, 13, 11177
What are the prime factors of 74648?
2, 7, 31, 43
What are the prime factors of 535877?
23, 1013
List the prime factors of 9493858.
2, 11, 397, 1087
List the prime factors of 274542.
2, 3, 45757
What are the prime factors of 5878960?
2, 5, 43, 1709
What are the prime factors of 541776?
2, 3, 11287
What are the prime factors of 67089?
3, 11, 19, 107
List the prime factors of 1298673.
3, 16033
List the prime factors of 4506399.
3, 587, 853
List the prime factors of 12041.
12041
What are the prime factors of 280665?
3, 5, 7, 11
List the prime factors of 2413137.
3, 23, 41, 853
What are the prime factors of 115921?
13, 37, 241
What are the prime factors of 4785192?
2, 3, 41, 1621
What are the prime factors of 11620474?
2, 23, 29, 31, 281
List the prime factors of 824243.
7, 73, 1613
What are the prime factors of 922115?
5, 311, 593
List the prime factors of 8086625.
5, 64693
List the prime factors of 2158630.
2, 5, 215863
List the prime factors of 872538.
2, 3, 145423
What are the prime factors of 5570?
2, 5, 557
What are the prime factors of 687872?
2, 2687
What are the prime factors of 981823?
981823
List the prime factors of 332187.
3, 110729
What are the prime factors of 1022630?
2, 5, 7, 2087
List the prime factors of 22223135.
5, 11, 29, 13933
List the prime factors of 341290.
2, 5, 34129
What are the prime factors of 2368553